-17
Let q(j) be the first derivative of 8/3*j**3 + 7/2*j**2 + 81 - 6*j + 1/4*j**4. Let g be (-14)/(-6)*(-2 + -1). Calculate q(g).
-6
Let u be 3*21/(-18) + 165/(-30). Let f(i) = -i + 2. Determine f(u).
11
Let g(q) = -13*q + 93. Let f(j) = 7*j - 48. Let b(t) = 11*f(t) + 6*g(t). Give b(26).
4
Let f be (69/8 - (-30)/80) + 0. Let m(s) be the first derivative of s**3/3 - 9*s**2/2 - 7*s - 22. Calculate m(f).
-7
Let k = -37 + 39. Let h(c) = 96*c + 97*c - 2*c**k + 1 - 192*c. Let o be (-9)/9 - 3*-1. Determine h(o).
-5
Let m(n) = 3*n**3 - 337*n**2 - 2*n - 18. Let r(z) = -z**3 + 82*z**2 + 1. Let k(x) = -m(x) - 4*r(x). Calculate k(-9).
-4
Let y(g) = g - 2. Let z = -563 + 561. Let h be 12/(-24) + (-6)/4 + z. Give y(h).
-6
Let q(s) = -111*s + 2. Let m(u) = -215*u + 5. Let f(v) = 6*m(v) - 11*q(v). Determine f(1).
-61
Let x(w) be the first derivative of -16*w + 1/2*w**2 - 15. Give x(7).
-9
Let p(s) = 2*s**2 - 8*s + 3. Let g be (63/6)/((-6)/40). Let b = 36 + g. Let f = b + 39. Determine p(f).
13
Suppose j - 2 = 0, j - 2*j = c + 33. Let q = 50 + c. Let v(y) = -y + 2*y + q - 3 - 8 - y**2. Calculate v(4).
-8
Let n(v) = -v**3 + 3*v**2 + 2*v - 2. Let y(s) = s**2 + 4*s + 24. Let w be y(-12). Suppose 2*p + w + 34 = 0. Let a = -74 - p. Give n(a).
4
Let x(n) = n**2 - 3*n - 5. Let y(g) = g**2 - 57*g + 600. Let t be y(43). Calculate x(t).
5
Let i(l) be the second derivative of -l**4/12 + 5*l**3/3 + l**2 - l. Let j be (9*(-4)/(-72))/((-6)/(-84)). Determine i(j).
23
Let p(m) be the third derivative of -m**5/60 + 7*m**4/8 + 197*m**3/6 - 5140*m**2. Determine p(28).
1
Let t(r) = -119 - 11*r + 350 + 464. Determine t(64).
-9
Let h(a) be the second derivative of a**6/120 + 4*a**5/15 + 21*a**4/2 - a**3/3 - 16*a + 8. Let v(y) be the third derivative of h(y). Determine v(-6).
-4
Suppose -x - 9*x = -30. Let q(r) = 6 - 2 - 168*r**x - 4*r**2 - 2 + 167*r**3. Calculate q(-4).
2
Suppose -3*t - 316 - 164 = -4*g, 647 = -4*t + 3*g. Let q = t - -160. Let l(o) = o + 4. Calculate l(q).
0
Let d(s) be the second derivative of -s**5/20 - 7*s**4/12 - 5*s**3/6 + 13*s**2/2 - 9287*s + 1. What is d(-6)?
7
Suppose -4*f + 8 = 4*w, 0*f - 8 = -2*f. Let u(i) = 5 + 0 - 2*i - i**3 - i**2 - 7. Give u(w).
6
Let q(s) be the second derivative of s**7/2520 - s**6/120 + 7*s**5/120 + 3*s**4 - 19*s - 1. Let w(a) be the third derivative of q(a). Calculate w(8).
23
Let z(k) = k**3 - 10*k**2 - k + 8. Suppose 95*c - 901 = 49. Calculate z(c).
-2
Let w be -3 + -3 + 36/9. Let l(x) be the third derivative of x**6/120 - x**5/30 - x**4/8 - x**2. Calculate l(w).
-10
Suppose -2008*s + 2010*s - 62 = 0. Let g(q) = -q**3 + 31*q**2 + q - 22. What is g(s)?
9
Let z(d) = -d - 1. Let c(m) = 2*m - 8. Let o(t) = c(t) - 2*z(t). Suppose 5*h + 19*h = 2640. Let r = 115 - h. Give o(r).
14
Let a(q) = -q + 6. Let z(w) = -3*w**3 - 2*w**2 + 3. Let r be z(-1). Let y(s) = -1. Let h(p) = r*y(p) + a(p). Determine h(-2).
4
Let q(v) be the second derivative of v**4/12 + v**3 + 5*v**2/2 + 1831*v. Determine q(-5).
0
Let a(h) = 5*h + 116. Let d(t) = 21*t**3 - 96*t**2 - 95*t + 1. Let w be d(-1). What is a(w)?
11
Let k be ((-28)/(-35) - (-2)/10)*-1. Let v(j) = -j**3 + j**2 + j. Let x(o) = -10*o**3 + 5*o**2 + 5*o - 1. Let b(n) = -6*v(n) + x(n). Determine b(k).
3
Let r(k) = -4*k + 1. Suppose 0*g - 2*g = w + 3, 0 = 4*g - w + 3. Let d(a) = 21*a - 10. Let u(f) = g*d(f) - 6*r(f). Give u(-3).
-5
Let l(g) be the third derivative of 35*g**4/12 + 2*g**3/3 + 43*g**2 + 29*g. Give l(1).
74
Let s(g) = 21*g + 18. Let t(p) = 10*p + 10. Let j(h) = 3*s(h) - 5*t(h). Let w(m) = 20*m + 5. Let q(r) = -8*j(r) + 5*w(r). Calculate q(-5).
13
Let d(o) = -597 + 1107 - 426 - 11*o. Calculate d(7).
7
Let v(s) be the first derivative of -s**5/60 - s**4/6 - s**3/6 - 20*s**2 + 4. Let r(x) be the second derivative of v(x). Determine r(-3).
2
Let w(a) = a**2 - 26*a + 181. Let g be -36 + 57 + (-30)/(5 + -2). Give w(g).
16
Suppose 0 = -30*f + 245 - 53 + 378. Let z(b) = 4*b - 80. What is z(f)?
-4
Let a be 45/(-18)*(-96)/(-15). Let y be 2*46/22 - a/(-88). Let r(k) = -k**2 + 4*k - 4. What is r(y)?
-4
Let g(m) = m**3 - 7*m**2 + 7*m + 5. Let u(f) = f**2 + 217*f + 3219. Let r be u(-16). What is g(r)?
-10
Let j(y) be the third derivative of 7*y**6/120 + y**5/60 - y**4/12 + y**3/3 - 33*y**2 + 3*y. Calculate j(1).
8
Let z(l) = -41*l - 241. Suppose 5*j + 15*m + 15 = 10*m, -21 = j - 5*m. Let a be z(j). Let i(g) = g**2 - 5*g - 6. Determine i(a).
-6
Let z(j) = 2*j**2 - 58*j - 49. Let o be z(30). Suppose 98 = o*v + 3*v. Let n(r) = -r**3 + 6*r**2 + r + 8. Determine n(v).
-34
Let t(f) = 11*f**2 + 18*f + 17. Let j = 14262 - 14263. Determine t(j).
10
Let f(h) = 2*h. Let n = 46 - 42. Suppose 0 = d + 4*g + 3, -n*g = 4 + 16. Let p = -11 + d. Give f(p).
12
Suppose 4*v = 2*v + 114. Let f = v - 54. Let m(g) = 53*g**2 - 3*g + 49*g**2 - 7 - 101*g**2 + f. Give m(4).
0
Let q(n) = -n**2 + 5*n - 4. Let r be 18/27 + (-4)/6. Let f(i) = -5 + 11 + r*i - i - 5. Let t(l) = 2*f(l) - q(l). What is t(7)?
6
Suppose 0 = 78*h - 1058 + 902. Let c(s) be the first derivative of -7/2*s**h - s - 30. Calculate c(-1).
6
Let x(b) be the third derivative of 0 + 1/8*b**4 + 0*b - 6*b**2 + 1/6*b**3. Let h be (249/(-332))/((-1)/(-4)). Give x(h).
-8
Let f(h) = -h**2 - 37. Let r be 2/(2 + -1) - 4 - -2. Give f(r).
-37
Let s(t) be the first derivative of -12*t - 34 + 1/2*t**2. What is s(16)?
4
Let r(v) be the third derivative of 11*v**5/60 + v**4/12 - v**3/2 - 969*v**2. Calculate r(1).
10
Let j = 146 - 131. Let s(p) = 14*p**3 + 9*p**2 - p + 7 + 7*p**2 - 2*p**2 - j*p**3. What is s(14)?
-7
Let p(s) = -s**2 - 1. Let h(z) = 2*z**2 - 15*z + 2. Let g be h(6). Let b be (-156)/g + (-4)/(-16). Suppose 3*w = -2*w - b. What is p(w)?
-5
Suppose 3*v + 5*r - 33 = 2*v, -2*r + 2 = 0. Suppose -22*n - 6*n = v. Let k(z) = 5*z**3 + 2*z**2 + z. Determine k(n).
-4
Let w(o) = o**3 - 9*o**2 + 6*o - 50. Let f be w(9). Suppose -j + 5*c + 1 = 0, f*c - 8*c = 4*j - 28. Let s(b) = -2*b + 8. What is s(j)?
-4
Let a(w) be the second derivative of w**5/20 + 2*w**4/3 + w**3/3 + 3*w**2/2 - 1054*w. What is a(-8)?
-13
Let k(s) = s + 1. Let t(d) = -5*d. Let u be t(11). Let g = -42 - u. Let w = g + -10. Give k(w).
4
Let g(s) = s + 2 + 14*s**2 + 2*s**2 - 1. Let x be (33/(-5))/3 - (-366)/305. Calculate g(x).
16
Let h(w) = -20 - 31 + 95 - 30 + w. Let g(f) = 7. Let j(a) = -1. Let y(z) = -g(z) - 6*j(z). Let s(p) = h(p) + 3*y(p). Determine s(-9).
2
Let q(t) be the third derivative of 0*t + 1/60*t**5 + 52*t**2 + 1/8*t**4 + 0 + 5/3*t**3. What is q(-7)?
38
Suppose 21 = -5*x - g + 12, -3*x + 13 = -4*g. Let y(n) = 41*n + 42. Give y(x).
1
Suppose 3*s - 2*y = 20, -2*s + 4*y + y + 17 = 0. Let i(k) be the first derivative of -3*k**2 - 4*k + 1/3*k**3 + 8. Determine i(s).
-4
Let q(z) = z + 8. Suppose -w - 2*j = -j - 89, -3*j + 6 = 0. Let r be (64/6)/((-29)/(w/2)). Calculate q(r).
-8
Let j(b) = 31*b**3 - 7*b - 18*b - 41*b**3 - 15*b**2 - 3 + 9*b**3 + 25. Determine j(-13).
9
Let k(l) = -138*l + 10786. Let u be k(78). Let r(v) = -5*v - 32. What is r(u)?
-142
Let f(r) = -r**3 - 4*r**2 - 2*r + 4. Let y = 7668 + -7681. Let h(c) = 0*c**3 + c**3 + 14*c + 10 + 0*c**3 + 14*c**2. Let a be h(y). Give f(a).
1
Let x be 2/2 + (-8)/16 - 306/36. Let l(d) = d**3 + 9*d**2 + 3*d - 34. Calculate l(x).
6
Let o(t) be the first derivative of -1/2*t**2 - 2*t + 4. What is o(-11)?
9
Let s(u) = -u**2 + 6*u + 76. Let g(f) = -f**3 + 66*f**2 + 133*f + 198. Let j be g(68). Determine s(j).
4
Let h(a) = 1200*a + 7202. Let q be h(-6). Let s(x) be the second derivative of 28*x + 0 + 1/6*x**3 - 1/2*x**q. Give s(0).
-1
Let p(c) be the third derivative of -c**4/24 + 7*c**3/6 - 6838*c**2 + 2*c. Suppose y = -g + 12, 2*g + 0*g = y + 15. Give p(g).
-2
Let v(n) = -3. Let p(o) = -o**2 - o + 1. Let j(b) = p(b) - v(b). Let k = 83 + -89. Determine j(k).
-26
Suppose 3*h = 2*k - 311, -3*k = -6*h + 3*h - 471. Suppose 150 = 5*j + k. Let u(d) = 2*d**2 + 4*d + 3. Give u(j).
3
Let b(w) = -9*w + 3. Let l(g) = 5*g - 1. Let r(s) = -2*b(s) - 5*l(s). Suppose -d + 24 = 3*h, 40 = 5*h + d - 2*d. Let n be -6 + 56/h - 1*3. Give r(n).
13
Let a = -425 - -433. Let d(g) = -g**2 + 3*g - 2. What is d(a)?
-42
Let q(j) be the third derivative of -j**7/5040 + j**6/180 - 113*j**5/60 + 21*j**2. Let a(w) be the third derivative of q(w). What is a(-9)?
13
Suppose 27 - 12 = 5*k. Let